number?
True
Is 863363 composite?
False
Is 16829777 a composite number?
False
Is 45367253 a prime number?
False
Is 781619 a prime number?
True
Is 1693487 a prime number?
False
Is 54992983 composite?
False
Is 16762157 prime?
True
Is 54479473 prime?
True
Is 17936167 composite?
False
Is 2524911 prime?
False
Is 55966769 a composite number?
True
Is 10779827 composite?
False
Is 167516867 a prime number?
False
Is 19804417 a composite number?
False
Is 229181 a composite number?
False
Is 1950629 a composite number?
False
Is 5502349 prime?
True
Is 190936867 a composite number?
True
Is 152615357 composite?
True
Is 26202437 a prime number?
False
Is 6773611 a prime number?
False
Is 18475313 a prime number?
True
Is 1334447 composite?
True
Is 62483233 a composite number?
True
Is 5976737 a prime number?
False
Is 1714117 a prime number?
True
Is 66113029 prime?
False
Is 5394011 prime?
False
Is 20491433 a composite number?
False
Is 10743017 a prime number?
True
Is 149297438 composite?
True
Is 3456611 composite?
False
Is 14931047 prime?
False
Is 201169129 prime?
False
Is 3853195 a prime number?
False
Is 28473889 composite?
False
Is 126898697 a composite number?
False
Is 1035721 prime?
False
Is 1714879 prime?
False
Is 4285009 a prime number?
True
Is 4874143 prime?
False
Is 11506447 a prime number?
True
Is 69221 a composite number?
False
Is 7798157 a prime number?
False
Is 4093751 prime?
True
Is 72928777 a composite number?
False
Is 56406989 prime?
True
Is 11266523 a prime number?
True
Is 40389761 a composite number?
False
Is 896771 a composite number?
False
Is 13168261 a composite number?
False
Is 78749 prime?
False
Is 53111881 a prime number?
True
Is 8909939 a composite number?
True
Is 265206509 a composite number?
False
Is 486447539 composite?
True
Is 10669973 a composite number?
True
Is 32072239 composite?
True
Is 28076947 a prime number?
True
Is 915099 prime?
False
Is 2726167 prime?
False
Is 193376399 composite?
False
Is 206354515 composite?
True
Is 25663213 a composite number?
True
Is 3560023 composite?
False
Is 33211 composite?
False
Is 2232637 a composite number?
True
Is 7992857 a composite number?
False
Is 94416703 composite?
False
Is 2396747 prime?
False
Is 118318393 a composite number?
False
Is 87684301 a prime number?
True
Is 970201 a prime number?
True
Is 65802109 composite?
False
Is 359215645 a prime number?
False
Is 1364767 a composite number?
True
Is 175391 prime?
True
Is 1820752589 composite?
False
Is 2637377 prime?
False
Is 917503 prime?
True
Is 707133247 a prime number?
False
Is 225717659 a composite number?
False
Is 771511987 prime?
True
Is 56180389 a prime number?
False
Is 1016914495 a composite number?
True
Is 15425097 a prime number?
False
Is 36841802 a prime number?
False
Is 9425137 a prime number?
True
Is 92690953 a prime number?
False
Is 11706551 prime?
False
Is 88194937 composite?
False
Is 255157 a composite number?
True
Is 289669 a prime number?
True
Is 114558922 a prime number?
False
Is 5891549 a composite number?
True
Is 1477765 a composite number?
True
Is 4449551 prime?
True
Is 1165301 composite?
False
Is 402737753 composite?
True
Is 13197337 prime?
True
Is 29841047 a composite number?
False
Is 13134587 a prime number?
False
Is 816827 composite?
True
Is 1857103 composite?
True
Is 1117391 a prime number?
False
Is 20925563 a prime number?
False
Is 4652423 composite?
True
Is 4231291 composite?
False
Is 649445021 composite?
False
Is 21792739 a composite number?
True
Is 22053901 composite?
True
Is 2092269 a composite number?
True
Is 1213907 prime?
True
Is 46361327 prime?
True
Is 27909101 composite?
True
Is 30980627 a composite number?
True
Is 1201862 a prime number?
False
Is 14894741 prime?
False
Is 10058627 composite?
False
Is 192931 composite?
False
Is 752487 prime?
False
Is 859033 prime?
False
Is 8687953 a prime number?
True
Is 35092859 prime?
False
Is 10000439 prime?
True
Is 1630763 composite?
False
Is 3363011 prime?
True
Is 43660223 prime?
False
Is 386403653 prime?
True
Is 1669931 prime?
True
Is 93670799 a composite number?
True
Is 1204139 a prime number?
True
Is 28588739 composite?
False
Is 5398067 a prime number?
True
Is 24403309 composite?
True
Is 190230443 composite?
True
Is 4857709 composite?
True
Is 45214043 prime?
False
Is 2803637 prime?
True
Is 32484437 a composite number?
True
Is 3904585 a prime number?
False
Is 108677726 a composite number?
True
Is 264023 composite?
True
Is 1982 a composite number?
True
Is 12492049 composite?
True
Is 4766807 prime?
True
Is 80259203 a composite number?
False
Is 3362327 a composite number?
False
Is 36380389 a composite number?
False
Is 12708671 prime?
True
Is 11215889 prime?
True
Is 358201 composite?
False
Is 8140961 a composite number?
False
Is 704825479 composite?
True
Is 8633827 composite?
False
Is 20256749 prime?
False
Is 940883 a prime number?
False
Is 36724973 prime?
True
Is 54369643 prime?
False
Is 137141 composite?
True
Is 358003 composite?
True
Is 431761 a composite number?
True
Is 8649919 a composite number?
True
Is 506159618 a prime number?
False
Is 54376379 composite?
True
Is 19042637 prime?
True
Is 1138001 a composite number?
True
Is 1357463131 a composite number?
False
Is 1968331 a prime number?
True
Is 200447039 composite?
True
Is 12625427 composite?
True
Is 520631 prime?
True
Is 19734137 a prime number?
True
Is 170153941 composite?
False
Is 14788799 composite?
True
Is 1296137 composite?
False
Is 45359627 prime?
True
Is 5982551 prime?
True
Is 25276643 prime?
False
Is 150335753 a composite number?
False
Is 16855737 composite?
True
Is 1707107 prime?
True
Is 23298973 a composite number?
False
Is 127194199 prime?
False
Is 42535453 a prime number?
True
Is 415972063 composite?
True
Is 92049031 prime?
True
Is 1713659 prime?
False
Is 16691677 composite?
True
Is 1584403 a prime number?
True
Is 9712033 a prime number?
False
Is 1016641 a composite number?
False
Is 2898359 a composite number?
False
Is 316533043 a composite number?
False
Is 1842497 a composite number?
False
Is 38508817 a composite number?
True
Is 547543 prime?
False
Is 26771477 composite?
False
Is 176614313 a composite number?
False
Is 654061 prime?
False
Is 37007603 prime?
False
Is 6312347 composite?
True
Is 1363766 prime?
False
Is 18353911 prime?
False
Is 4526789 composite?
False
Is 859241 a composite number?
True
Is 4477679 composite?
True
Is 29800282 a composite number?
True
Is 1369898107 a prime number?
True
Is 900125801 a prime number?
True
Is 1385743 prime?
True
Is 21293159 a composite number?
True
Is 1290791 composite?
False
Is 107369641 prime?
False
Is 441066557 a composite number?
False
Is 19634477 composite?
False
Is 2263449 composite?
True
Is 17358329 a composite number?
True
Is 864779 a composite number?
True
Is 3833303 a prime number?
False
Is 1221853 prime?
True
Is 19168577 prime?
True
Is 3937027 composite?
True
Is 651791 prime?
False
Is 8524673 a composite number?
True
Is 138288886 composite?
True
Is 26740171 a composite number?
True
Is 1810271 a prime number?
True
Is 98977681 prime?
False
Is 467957 a prime number?
False
Is 2916359 composite?
True
Is 8807411 composite?
True
Is 20948969 prime?
True
Is 10112117 prime?
False
Is 244763791 a composite number?
False
Is 14014351 a composite number?
True
Is 84917977 prime?
False
Is 9923443 a composite number?
True
Is 917921 a prime number?
False
Is 176157253 a composite number?
True
Is 1142987 prime?
False
Is 24413179 a composite number?
True
Is 353846666 composite?
True
Is 843859 a composite number?
True
Is 45976361 a composite number?
True
Is 888133 composite?
False
Is 15255391 a prime number?
True
Is 41187814 composite?
True
Is 194429233 prime?
False
Is 8211331 a composite number?
False
Is 17244905 prime?
False
Is 64210441 a composite number?
False
Is 4769251 prime?
False
Is 48840397 a prime number?
True
Is 601973 composite?
True
Is 2031035 a composite number?
True
Is 524660009 prime?
True
Is 2752667 composite?
False
Is 413106619 composite?
True
Is 56528633 a prime number?
False
Is 331355533 a prime number?
True
Is 1373473 composite?
False
Is 11908627 a prime number?
False
Is 623797 prime?
False
Is 3278883 prime?
False
Is 22488811 prime?
False
Is 30726281 a composite number?
False
Is 12370597 composite?
False
Is 4786697 a prime number?
True
Is 204319 prime?
T